7 - -10?
1
What is -1 + -5 + (16 - 39 - -15) + 13?
-1
Calculate 13 - (-10 + 6) - (7 + -7 + 3).
14
Evaluate (9 - 34) + (4 - (-7 + 6)).
-20
Evaluate 2 + (0 + 4 - 7) + -2 + 1.
-2
What is the value of 244 + -214 - (9 - (0 + 5) - -3)?
23
What is the value of -1 + (17 - 2 - 0)?
14
-28 - (-9 + 6) - -2
-23
What is 12 - (8 + -12 + 28 - -10)?
-22
What is -19 + 24 - (1 - 7) - (-2 - 4)?
17
What is -3 - (-10 - (1 + -5 + 0)) - 0?
3
-6 + 3 + 0 - (1 - -4)
-8
What is (168 - 180) + 20 + 0?
8
-18 + 15 + 35 + -65
-33
What is the value of -7 + (10 + -7 - 25 - 1)?
-30
What is 0 + 0 + 2 + -4 + (14 - 10)?
2
Calculate -10 + 13 + (-31 - -32 - (3 + 0)).
1
6 + -1 + -7 + 8 + -2
4
Calculate -13 + -11 + 50 + -24.
2
What is the value of 17 + -1 - (12 - 4 - 1)?
9
What is the value of -18 + (5 - (-26 - -31))?
-18
What is 17 - (48 - 47 - (1 + 5))?
22
Calculate 6 + -2 + 5 + 13 + -13.
9
Evaluate 9 + -3 + (15 - 9 - 0).
12
What is -23 - (-5 + (-6 + 4 - (-3 + -1)))?
-20
(-2003 - -1996) + (-3 - -3 - (4 + 0))
-11
What is (17 - 15) + -6 - -7?
3
Evaluate -41 + -8 + 1 + 0 + 14.
-34
7 - (-34 + 36) - (2 + -1)
4
What is the value of -5 + (-9 - -13) + (-22 - 0)?
-23
What is the value of (10 + -11 - 11) + 16?
4
-6 - (17 - 8) - -17
2
Evaluate 33 - (8 - -37) - (-1 + (1 - 1)).
-11
14 + -4 + (28 - 20 - (6 + -5))
17
Calculate 12 - (27 + -10) - (1 + -11 + -1).
6
Calculate 32 + -17 + -53 + 23.
-15
What is 7 + 12 - -3 - 22?
0
-1 + (6 - 12) + 11 + -3
1
(0 - (0 - 3)) + 23 + -23 - 1
2
Calculate -11 - (-14 - (9 - 17) - -4).
-9
What is 36 + -26 + -7 + -6?
-3
Evaluate (-7 - -6) + (16 - (5 + (5 - 16))).
21
(-42 - -15) + (59 - 28)
4
What is 21 + (-18 - -20) + -7 + 0 + 6?
22
What is -2 + 1 + (4 + 9 - 2)?
10
Calculate (-4 - (-10 - (-8 - -19))) + -2.
15
Evaluate -3 + 3 - (39 - 20).
-19
-15 + (4 - (-10 - -13)) + (1 - -1)
-12
Evaluate 8 + -14 - 1 - -1.
-6
Evaluate (-140 - -119) + (1 - -21).
1
What is 31 - (31 + -6 - 8)?
14
What is -6 - ((11 - 10) + 4 - 17)?
6
Evaluate 11 + 1 - (6 + (-7 + 12 - 9)).
10
Calculate -25 - (2 + 2 + -33).
4
Calculate -4 + -17 + 2 + 15.
-4
(-2 - -29 - 21) + -3 + (-1 - -21)
23
9 + -13 + (29 - 28) + -4 + -1
-8
What is the value of -21 + -3 + 131 + -143?
-36
14 + (-5 - (-3 + (-21 - -11)))
22
Evaluate -10 + 22 + -30 + 18.
0
Calculate 0 + -9 + 17 + -6 + 9.
11
Evaluate 14 + -16 - 15 - -22.
5
Evaluate (-10 + -5 + 9 - -17) + (-1 - 6).
4
What is 35 - 66 - (8 + -32)?
-7
What is the value of 19 - 21 - (-8 - (2 + -4))?
4
Evaluate (-37 - (-19 + -17)) + (-3 + -1 - 3).
-8
Evaluate 10 + 0 + -16 + (2 - -2).
-2
-3 + (8 - 6 - (-9 + 9))
-1
What is the value of 3 - 2 - -5 - (-24 - -30)?
0
Calculate -45 + 84 - 35 - (-1 + -22).
27
1 - -4 - (28 + (-2 - 15) - 26)
20
(-3 - ((5 - -2) + -8 + 4)) + 2
-4
(-19 + 22 - (-8 - (3 + 0))) + -7
7
Calculate -10 - (-16 + 0) - -10.
16
What is the value of (38 - 1) + (-384 - -360)?
13
-48 + 15 + 6 + -1 + 10 + -2
-20
Calculate -6 + 3 + 2 - (-4 + 0 + 1).
2
Evaluate 2 + -21 + 11 + 6.
-2
3 - (7 + -21 + 21)
-4
Calculate 0 - (-28 - (6 + 6 + -7 + -1)).
32
Evaluate -25 + -11 + 12 - -34.
10
Calculate 3 - 0 - 6 - (1 + (-10 - -15)).
-9
What is the value of (-16 - (-8 - 24)) + -23?
-7
What is 54 + -46 - (0 + 0)?
8
Calculate (-13 + 12 - -1) + 24.
24
-48 + 32 + -22 - -31
-7
What is 3 + 22 + (15 - 31) + 1 + 12?
22
3 - (((-2 - 1) + -1 - 1) + 18)
-10
Calculate -11 - -4 - (-28 + 7).
14
What is the value of -8 - -15 - (1 + 5) - (-14 + 3)?
12
What is the value of 1 - (261 - 273 - (2 + 5 + 2))?
22
Calculate (-26 - (-25 - -24)) + 9.
-16
Calculate (-6 - (23 - (1 + 4 + 2))) + 8.
-14
What is 29 - (31 + (-7 - 2)) - (-12 - -1)?
18
What is -3 - -9 - -8 - 3 - -9?
20
What is 4 - (11 + (-2 - -12 - (-5 + -3)))?
-25
Calculate 16 - (16 - (-16 + 5 + 7)).
-4
What is 29 - (-21 + 18 - (-2 - -8 - 12))?
26
What is the value of -7 + (28 - 25 - (4 - -3))?
-11
-1 + (4 - (2 + 0 + 0) - 8)
-7
Evaluate 2 + 5 + -2 + 4 + -4 - -8.
13
Evaluate -3 - ((2 - (3 - 1)) + -12).
9
What is -458 - -455 - (24 - 5)?
-22
Evaluate -1 - ((-20 - 18) + 72).
-35
What is the value of (-303 - -287) + 19 + 2?
5
-18 + 15 + 2 + -12 + -4
-17
Calculate (-52 - -56) + 10 + -2 + 2.
14
-2 + (1 - -7) + -9 - 8
-11
Evaluate -64 + (-12 - -30) + 70.
24
Evaluate 2 - 4 - 10 - (187 - 90 - 84).
-25
What is the value of 48 + (-54 - -25) + -1?
18
What is (204 - 199) + -7 + (-1 - 0)?
-3
What is -4 + -14 + 3 + (34 - 28) - -7?
-2
26 - 0 - (-148 + 137) - 16
21
What is the value of 23 + (0 + -1 - (-20 + 10 + 12))?
20
-9 + (2 - (-14 - 5)) - 8
4
Evaluate 11 + (-1 - -10 - (81 + -68)) - 39.
-32
What is -12 - (4 - (5 + 5))?
-6
Evaluate -1 - (4 + 1 + (3 - 5 - -4)).
-8
-18 - (-25 - (-5 - 6))
-4
Calculate (5 + -5 - 3) + -4 + (-77 - -49).
-35
What is -5 - -2 - ((-19 - -22) + 0 + 1)?
-7
Evaluate 18 - (-14 + 33) - -11.
10
Calculate (622 - 610) + -1 + (-15 - 0).
-4
Calculate 1 - ((-26 - -10) + 7).
10
33 + -26 - (13 + 1)
-7
Calculate (-25 - (3 + -8 + 3)) + (-135 - -138).
-20
Evaluate -5 + (1 - 0 - (2 - (-17 - -15))).
-8
Evaluate 5 - 2 - (5 + -34 + 7 + 3).
22
What is (-36 - 2) + -93 + 127?
-4
Calculate -128 + 126 - (-4 + -7).
9
Evaluate 1 - 26 - (-14 + -2).
-9
(-27 - (-3 + -10)) + 14
0
Evaluate 1 - (10 + 4) - -3.
-10
Calculate 24 - (-7 - -19 - 6).
18
-3 - ((17 - (-3 + 22)) + -1 + 0)
0
Calculate 13 + 0 - (5 - 6) - 23.
-9
What is (4 - 10) + (-27 - -50)?
17
Calculate -21 - -21 - (-4 + 7) - 5.
-8
Evaluate -1 + 5 + 0 + -7.
-3
2 + (-5 + 5 + -1 - (12 - 9))
-2
Calculate (3 - 0) + (1 - (9 - (-5 + 9))).
-1
Calculate (4 - (-33 - (-4 + 1))) + -14 + 4.
24
What is 2 + (-1 - 0) - 22 - (-738 + 728)?
-11
What is (-21 - -2) + 170 + -157?
-6
What is 15 - (-2 + (-13 - (-9 + 2)) - -2)?
21
Calculate (-28 - (45 + -26)) + 20 + -2.
-29
What is the value of 0 - (12 - 18 - 16)?
22
Calculate 40 - (29 + 3 + -16).
24
What is the value of (-1 - 7) + (29 - 11)?
10
What is the value of (0 - 12) + 5 - (1 - -1)?
-9
Calculate -61 + 26 + 4 - -32.
1
Evaluate 3 + (4 - (5 - -7)) + -1.
-6
24 - (-2 + 10 - -4 - 4)
16
26 - 45 - -17 - (-1 - 3)
2
(11 + -11 - -8) + -10 - -13
11
What is -3 + -5 + (-34 + 84 - 39)?
3
Evaluate -10 + 4 + (0 - -4) + 4.
2
-16 + -22 + -14 + 28 + 2
-22
Calculate (8 - 0) + (1 - 8) + 20.
21
Calculate 27 + -40 + 1 + 4.
-8
Calculate -1 - (1 + 4 + 0 + 1 - 19).
12
What is -12 - (21 - (3 - -18))?
-12
What is the value of (-3 - -10 - (-12 + 0 - -23)) + 21?
17
What is 15 - (16 + 14 + -12)?
-3
What is (-1 + -3 - -1) + (220 - 214)?
3
What is the value of (0 - -34 - -1) + (5 - (-45 - -59))?
26
(1 - -14) + -95 + 90
10
What is 40 + 7 + -33 + -36?
-22
What is (0 - -2) + (-5 - (-5 - -3 - -3))?
-4
5 + -1 - 0 - (23 - -33 - 35)
-17
What is -4 - (-26 + 18 + 3 + (16 - -1))?
-16
(6 - 10) + 0 + (2 - 9) + 7
-4
(-10 + 0 - -5 - -3) + 4
2
Evaluate 2 + -18 + (9 - -1) + 4 - -3.
1
What is (5 - 26 - -40) + (-11 - (0 - 1))?
9
What is 2 + (12 - (8 + -23 - -31))?
-2
Calculate (-15 - (-25 - 9)) + -1 + -2.
16
What is the value of -16 - (8 + (-7 - 0))?
-17
What is the value of -4 + 2 + (16 + -5 + -12 - 4)?
-7
(-1 - 10) + (29 - 5) + -27
-14
Calculate 9 + 0 + 0 - ((3 - -1) + 3).
2
Evaluate -3 - (-4 - (-9 + 6 + -3)) - 6.
-11
Calculate 7 + 1 - (-23 - (-53 + 33)).
11
Calculate 5 + (-4 - -3) + -1 + (59 - 46).
16
What is the value of 5 + (0 + 4 + -1 - -8)?
16
Calculate (-71 - (-30 + -2)) + 16.
-23
Evaluate 5 + (31 - 51) - -15.
0
What is 716 + -720 - (0 - 1)?
-3
What is (18 - 32 - -34) + -3?
17
5 - ((7 - (-5 + (14 - 7))) + -2)
2
Calculate 154 + -174 - (-5 + (-3 - -6) - 0).
-18
What is -6 + (-8 - -6 - 9) + 9?
-8
16 + (-26 - -15 - 0)
5
What is the value of -3 + 14 + -75 + 39?
-25
What is (-9 - 1 - ((-9 - 36) + 31)) + 10?
14
Evaluate (-21 - (8 + 17 + -36)) + 0 + -7.
-17
What is 73 + -64 + (-6 - (2 + -8))?
9
-10 + -8 + (-10 - -17 - (-6 - -2))
-7
What is the value of (-8 - -14 - -10) + -27 + -14?
-25
10 - (16 - 29 - -37)
-14
Calculate -1 + 3 + 17 + -22.
-3
1 + (-6 - (-3 + -13 + 9)) + -26
-24
21 + 1 - (34 + (31 - 26) - 28)
11
(-1 + -2 - (10 - (-4 + 14))) + 5
2
Evaluate -9 - (6 - 25 - -12) - -21.
19
What is the value of (6 - -1) + -9 + 0 + -4 + 4?
-2
Evaluate 20 + -37 - -17 - (-7 - 0) - 2.
5
What is (10 - 7) + -3 + (20 - 8)?
12
-18 + (-12 - -45) - -1
16
What is the value of 15 - (-6 - 10 - (-4 + -6))?
21
Evaluate -1 + -2 + -1 + 15 + -7.
4
Calculate (-13 - -4) + (11 - 4).
-2
Calculate -3 - (-8 + (9 - -20)).
-24
What is 9 + (12 - 27 - -18) - 10?
2
Evaluate 